luate 16 - ((-3 - -11) + -3 - -2).
9
What is the value of -3 - (-5 + 1) - 0?
1
What is (0 - 0) + -17 + 17?
0
What is the value of 0 + (-6 + 5 - (-1 + 0))?
0
What is the value of 0 - (-37 - -31 - (-6 - 1))?
-1
Calculate 5 + -2 + (-11 - -6).
-2
(-9 - -2) + 4 + (2 - 4)
-5
Calculate 1 - (1 - (-1 - -1)) - -1.
1
What is the value of 2 - (-7 - (3 + -6))?
6
(3 - 12 - 2 - -5) + 9
3
(-1 - -3 - 5) + -6 + 10
1
Calculate (23 + -8 - 9) + 1.
7
What is the value of -8 + (1 - -1 - -2) + 5?
1
What is 5 - (0 - (-14 + 8 - -3))?
2
Evaluate 0 + 9 - -2 - 18.
-7
10 + -4 + 4 + -6 + -3
1
-59 + 52 + (2 - 4)
-9
Evaluate (-2 - -1) + (-3 - -6) + 5.
7
What is the value of -2 - (3 + -1 + (-32 - -29))?
-1
Calculate 3 + (51 + -59 - (-2 - -1)).
-4
What is 0 + 4 + (1 - 1)?
4
What is the value of 230 - 239 - (-21 + 1)?
11
Calculate -5 - 1 - (7 + -5 + -1).
-7
(1 - 6) + 0 + 3
-2
4 + -2 - 0 - -1 - 2
1
(-6 - -1) + -3 + 0 + 6
-2
-11 - -7 - (2 + -3 + 0)
-3
(1 - 7) + 20 + (8 - 12)
10
What is the value of -2 + -3 - -4 - -2?
1
What is (-3 - 1) + (9 - 8)?
-3
What is the value of (-3 - -1) + -1 + 1?
-2
What is -2 + 12 + (-11 - -5)?
4
Calculate (-5 - (-2 + 0)) + 4 + -2.
-1
What is the value of (5 - (1 - -5)) + (3 - -2)?
4
What is (4 - -1 - 2) + -2 + -1?
0
-117 + 98 - (-14 + 1)
-6
Calculate 1 - (7 + -1 + -2).
-3
What is the value of -2 - -4 - (2 + (-6 - -3))?
3
-3 + (-8 - (-12 - 0))
1
(-3 - -12) + (0 - 6)
3
What is the value of -18 + 2 + 8 + 3?
-5
What is -2 + 2 + -2 + 1 - 0?
-1
(3 - 0) + -2 - (-7 + 11)
-3
(4 - 9) + -5 + 3
-7
Calculate 2 + (-1 - 5) - -2 - 3.
-5
Calculate -3 + (-3 - -4) - -1.
-1
What is -2 - -1 - (-17 + 4 + 6)?
6
(-4 - (-16 + -2)) + -3 + -3
8
Evaluate 1 + 0 + -7 - (-330 + 319).
5
Calculate (8 - 4) + 5 + -2.
7
3 + ((1 - 1) + 4 - 9)
-2
Calculate -4 + (-1 - (-1 - 1)).
-3
What is -11 - 0 - 2 - -1 - -5?
-7
9 + -9 + -5 + 0
-5
What is the value of (3 - (1 + -1)) + -6 - 1?
-4
Evaluate -1 - -2 - (-4 + (4 - 0)).
1
What is the value of (-6 - -2) + 2 - -6 - 5?
-1
What is the value of (3 - 11) + 0 + 8 + -7?
-7
(-8 + 3 - (-13 + 3)) + -3
2
What is the value of 0 - (2 + -2) - (-2 + 5)?
-3
(5 - 9) + (4 - 5)
-5
What is -1 - ((-5 - -1) + 5 - 3)?
1
-2 - (-2 - (-1 + 1 + 0))
0
Calculate -9 + 9 + (1 - 0).
1
What is 2 - (22 + -8 + -3)?
-9
3 + (2 - 4) + -5 - -6
2
What is -1 + 5 + (10 + -10 - -3)?
7
Evaluate (1 - (4 + 1 + -2)) + -1.
-3
What is the value of -2 + (5 - -6) - 9?
0
What is (2 - (-1 - 1)) + -2?
2
What is -1 + (1 + 3 - 4)?
-1
Evaluate 4 + -4 + -8 + (-2 - -4).
-6
What is the value of 11 - (23 - 9) - (3 + -1)?
-5
Evaluate (-2 - -2) + (-1 - 1) - -2.
0
What is the value of 4 - (2 + -1 + 4 + -2)?
1
Calculate (-5 - -1) + -4 + -4 + 8.
-4
Evaluate 5 - (-6 - (-10 - 2)).
-1
What is the value of -2 + 3 + 3 + (-1 - 0)?
3
What is the value of 3 + -5 + 1 + -3 - 0?
-4
What is (2 - (-2 + 11 + -4)) + 3?
0
1 + 6 - (-104 + 113)
-2
What is the value of -1 + 5 + -11 + 13 - 4?
2
What is -5 + (-1 - (2 - -3) - -7)?
-4
What is the value of (0 - 3) + (-1 - -3)?
-1
What is the value of (-5 - -1) + (-1 - -1)?
-4
2 + -1 - (7 - 2 - 8)
4
What is 5 - (7 - 1) - -2?
1
What is the value of (-4 - (-7 - -13)) + 1?
-9
Evaluate 2 - 0 - (5 + -2 + 3).
-4
Evaluate 12 + -7 + 2 + -2.
5
Calculate 8 + 1 + (-17 - (-2 + -2)).
-4
What is the value of -1 + 3 + (2 - (-3 + 3))?
4
Evaluate (2 - 9) + (-16 - -19).
-4
What is the value of (-13 + 4 - 5) + 9?
-5
What is the value of -1 + 1 + (2 + 2 - 1)?
3
-3 + 1 + 4 - -2 - 1
3
What is the value of -7 - 1 - (-1 + -2)?
-5
Calculate -19 + -4 + 14 + 1.
-8
3 + -2 + -5 + 10 + -11
-5
(-6 - -2) + (7 - (-5 + 6))
2
What is the value of -1 + 0 + 5 - (1 + 1)?
2
What is 6 + 0 + (-3 - (5 + -5))?
3
Evaluate (4 - 0) + (-4 - -3).
3
What is the value of 4 + (-5 - 2) - -3?
0
What is the value of (-1 - (1 + -1 - 1)) + 1?
1
Evaluate (6 - 5) + (-17 - -24).
8
Evaluate (49 - 56) + (1 - 0).
-6
What is 3 + 3 + (-8 - -4)?
2
Evaluate -1 + 3 + -2 - 4 - -9.
5
Evaluate (3 - 9) + (0 - 1 - -2).
-5
Calculate 0 - (-6 + -4 + 7).
3
Evaluate 10 + 2 + -5 + -3.
4
Evaluate 0 + -4 + (-4 - 0 - -9).
1
What is the value of (4 - 7) + 5 - 3 - 2?
-3
Evaluate -1 + 5 - (128 + -127).
3
Calculate (2 - 12) + 11 + (-2 - 2).
-3
-1 - (-1 + (-2 - 1) + 5)
-2
Calculate 9 + -1 - (-29 + 12 + 18).
7
Evaluate (-1 - 2) + 6 + -1.
2
Calculate -4 + (10 - 1 - 4).
1
Calculate 2 - ((-4 - (-8 + 4)) + 0).
2
What is 4 - (3 - (3 + -3))?
1
Evaluate 4 - (-7 - (5 + -9 - 2)).
5
Calculate (-1 - 0) + 12 + (-2 - 1).
8
What is 10 - 12 - (-5 + (-2 - 2))?
7
What is the value of (-11 - -6) + 7 - (3 + 4)?
-5
Evaluate 1 + (-5 + 6 - (0 - -2)).
0
What is the value of 9 + (18 + -5 - 26)?
-4
Evaluate -4 + (2 - (-9 + 0 - -4)).
3
What is -5 + (1 - (-3 + 1))?
-2
What is the value of -28 + 28 + -1 + 2?
1
What is the value of 1 + (2 - 2) + (9 - 4)?
6
What is the value of -4 + -2 - (3 + -6 - 7)?
4
What is (3 - 2) + -8 + 19 + -9?
3
What is the value of 17 + -13 + -1 + -4?
-1
-6 + (3 + 0 - 7) + 9
-1
Evaluate (0 - 1 - 3) + -168 + 171.
-1
(-5 + -3 - -6) + 0
-2
Evaluate -6 + (4 - (5 + (-9 - 2))).
4
What is the value of -11 - -13 - (3 + 2 - 7)?
4
Calculate (3 - (7 + -2)) + 4 + 0.
2
Evaluate -4 + 0 + 4 - (3 - 1).
-2
What is the value of -1 - (3 - ((-5 - -1) + 5))?
-3
What is -1 + -4 + -3 + 10?
2
What is the value of -4 + -2 + 5 + -1?
-2
Calculate 11 + -1 + -19 + 5.
-4
Calculate 13 - (38 + -13) - -17.
5
What is the value of (25 - 11) + -5 + -4?
5
(2 - -1) + 7 + (-3 - 1)
6
Evaluate (2 - 2) + 1 + 2 - 1.
2
Evaluate -6 - (-2 + -5 + -3).
4
Evaluate -9 - (2 + -5) - (4 + -6).
-4
8 + (-2 + -5 - -4)
5
(13 - 18 - -7) + -11
-9
What is the value of 9 + 2 - (-1 - -6) - 2?
4
What is 1 - 8 - (-7 - (-14 - -13))?
-1
What is 2 + -9 + 0 + 3?
-4
What is the value of 1 - 0 - (0 + -4 + 0)?
5
Evaluate -3 + (2 - 0 - -1).
0
Calculate 8 - 2 - 0 - 0.
6
3 + -6 + (-1 - (3 + -6))
-1
Evaluate 2 + (-2 + 1 - (-1 + 1)).
1
What is the value of -5 + (-3 + 2 - -2)?
-4
6 + -2 + (0 - 3)
1
What is 1 - 13 - (22 - 28)?
-6
Evaluate -6 - (5 + -10 + 10 - 5).
-6
1 + 5 + -2 + -4
0
Evaluate -8 + 1 + (48 - 34).
7
Evaluate -3 + (-5 - (-1 - 1)) + 1.
-5
(19 + -4 + -5 - 5) + -1
4
What is the value of (-9 - 0 - -8) + 3 + -3?
-1
What is the value of 4 - (-4 - -7 - 2)?
3
What is the value of -5 - (5 - 7) - -4?
1
Evaluate (-1 - -3) + (0 - -2) + -2.
2
What is (-8 - -3) + 0 - (2 - 9)?
2
What is the value of (4 - (-3 - -9)) + 0 + 1?
-1
What is the value of 9 - (11 + -1 + -6)?
5
Evaluate (-4 - (0 - -4 - -1)) + 4.
-5
Evaluate (8 - 1 - 13 - -2) + 12.
8
What is the value of 3 + (1 + 5 - 12)?
-3
What is (6 - 9) + 1 + 3?
1
Calculate -3 + -7 - -4 - (6 + -7).
-5
Calculate 3 - -1 - (5 - (8 + -6)).
1
What is the value of 3 - ((7 - 13) + 11)?
-2
What is the value of (4 + -9 + 3 - -5) + 1?
4
What is the value of (-2 - -2) + -1 - (2 - 1)?
-2
Evaluate (-1 - -6) + -6 + (0 - -5).
4
Evaluate 2 + (-1 - (2 - 6) - -3).
8
What is -1 + -6 + 11 + -3?
1
-6 + 8 + -12 + 10
0
Calculate 2 + 7 + -4 - (2 + 2).
1
What is the value of 3 + (-1 - 0) + 3?
5
What is 0 - (-4 - 4 - -3)?
5
Calculate -8 + (-1 - (9 - 17)).
-1
What is -5 + (3 + (2 - 4) - 3)?
-7
What is the value of 5 + (-10 - (-3 - 3) - -6)?
7
6 + 0 - (8 - 5)
3
Evaluate -5 - (0 + (0 - 4)).
-1
Calculate -1 - (4 + 0 + -2 - -3).
-6
-3 - -2 - (-4 - 2 - -2)
3
What is the value of 2 + 16 + -14 + -12?
-8
Evaluate 5 + -5 + (1 - -4).
5
Calculate -2 - 6 - (-14 + 0).
6
-2 - -7 - (2 + 5 - 3)
1
What is the value of -6 - (-1 + (-6 + 2 - -2))?
-3
What is (-4 - -4) + 4 + -7 + 7?
4
0 + (-9 - -3) - (-9 + -3)
6
Evaluate 4 + (4 - 19) + 9.
-2
(6 - (7 - 4)) + -5 - 0
-2
What is 7 + -3 - 9 - -3?
-2
7 - 11 - (-2 + -8 - -1)
5
What is the value of (-3 - 2) + (4 - 3)?
-4
6 + -15 - (-21 - -22)
-10
Calculate 0 + -3 + 5 - -2.
4
-6 + 2 + 1 - (1 - 3)
-1
(2 - (9 - 7)) + 6 + -4
2
Calculate -2 + 2 + 0 + -2 + 1.
-1
What is the value of -9 + 5 + (-1 - -8) - 2?
1
Evaluate 5 + 3 + -4 + 0.
4
Calculate -5 - 7 - (-24 - -22).
-10
Evaluate (0 + 3 - 5) + -3.
-5
What is the value of (-27 - -19) + (-2 - -13)?
3
What is (4 - 2) + 1 + (-5 - -3)?
1
What is 5 - 12 - (-1 + -12)?
6
What is the value of 3 - (6 - (1 + 4 + -3))?
-1
-11 - -8 - (5 - (-5 - -15))
2
Evaluate 84 - 80 - (0 - 2).
6
Evaluate (-9 + 3 - 1) + 4.
-3
Evaluate 0 - ((-16 - -6) + 19).
-9
Evaluate 9 + -4 - (2 + 1).
2
What is 3 + -1 + 1 - (-6 + 4)?
5
What is the value of -3 - (-6 - (-9 + -1)) - 0?
-7
What is 2 + -4 - (9 